{"id":157,"date":"2018-08-05T09:22:21","date_gmt":"2018-08-05T07:22:21","guid":{"rendered":"http:\/\/jconnan.com\/wp\/index.php\/about-us\/"},"modified":"2019-09-06T10:30:49","modified_gmt":"2019-09-06T08:30:49","slug":"about-us","status":"publish","type":"page","link":"http:\/\/jconnan.com\/index.php\/about-us\/","title":{"rendered":"\u00c0 PROPOS DE MOI &#8230;"},"content":{"rendered":"\t\t<div data-elementor-type=\"wp-post\" data-elementor-id=\"157\" class=\"elementor elementor-157\">\n\t\t\t\t\t\t<div class=\"elementor-inner\">\n\t\t\t\t<div class=\"elementor-section-wrap\">\n\t\t\t\t\t\t\t\t\t<section class=\"elementor-section elementor-top-section elementor-element elementor-element-3f0d4c9 elementor-section-boxed elementor-section-height-default elementor-section-height-default\" data-id=\"3f0d4c9\" data-element_type=\"section\">\n\t\t\t\t\t\t<div class=\"elementor-container elementor-column-gap-extended\">\n\t\t\t\t\t\t\t<div class=\"elementor-row\">\n\t\t\t\t\t<div class=\"aux-parallax-section elementor-column elementor-col-33 elementor-top-column elementor-element elementor-element-d740a0c\" data-id=\"d740a0c\" data-element_type=\"column\">\n\t\t\t<div class=\"elementor-column-wrap\">\n\t\t\t\t\t\t\t<div class=\"elementor-widget-wrap\">\n\t\t\t\t\t\t\t\t<\/div>\n\t\t\t\t\t<\/div>\n\t\t<\/div>\n\t\t\t\t<div class=\"aux-parallax-section elementor-column elementor-col-33 elementor-top-column elementor-element elementor-element-87135e9\" data-id=\"87135e9\" data-element_type=\"column\">\n\t\t\t<div class=\"elementor-column-wrap elementor-element-populated\">\n\t\t\t\t\t\t\t<div class=\"elementor-widget-wrap\">\n\t\t\t\t\t\t<div class=\"elementor-element elementor-element-de472ac elementor-widget elementor-widget-aux_staff\" data-id=\"de472ac\" data-element_type=\"widget\" data-widget_type=\"aux_staff.default\">\n\t\t\t\t<div class=\"elementor-widget-container\">\n\t\t\t<section class=\"aux-wrap-style-simple widget-container aux-widget-staff aux-parent-au73876fd7\">    <div class=\"aux-staff-container aux-staff-pos-top aux-staff-text-center aux-staff-text-dark \" >\n            <div class=\"aux-staff-header aux-staff-img-rect\">\n            <div class=\"aux-media-image\"><img loading=\"lazy\" width=\"3061\" height=\"3061\" src=\"http:\/\/jconnan.com\/wp-content\/uploads\/2019\/08\/IMG_3176.jpg\" alt=\"IMG_3176\" data-ratio=\"1\" data-original-w=\"3061\" \/><\/div>        <\/div>\n            <div class=\"aux-staff-content\">\n                        <h4 class=\"col-title\">Julien CONNAN<\/h4>\n                        <h5 class=\"col-subtitle\">Graphiste<\/h5>\n                    <\/div>\n\n    <\/div>\n\n\n<\/section><!-- widget-container -->\t\t<\/div>\n\t\t\t\t<\/div>\n\t\t\t\t\t\t<\/div>\n\t\t\t\t\t<\/div>\n\t\t<\/div>\n\t\t\t\t<div class=\"aux-parallax-section elementor-column elementor-col-33 elementor-top-column elementor-element elementor-element-ec6c037\" data-id=\"ec6c037\" data-element_type=\"column\">\n\t\t\t<div class=\"elementor-column-wrap\">\n\t\t\t\t\t\t\t<div class=\"elementor-widget-wrap\">\n\t\t\t\t\t\t\t\t<\/div>\n\t\t\t\t\t<\/div>\n\t\t<\/div>\n\t\t\t\t\t\t\t\t<\/div>\n\t\t\t\t\t<\/div>\n\t\t<\/section>\n\t\t\t\t<section class=\"elementor-section elementor-top-section elementor-element elementor-element-2b9d76b elementor-section-boxed elementor-section-height-default elementor-section-height-default\" data-id=\"2b9d76b\" data-element_type=\"section\">\n\t\t\t\t\t\t<div class=\"elementor-container elementor-column-gap-default\">\n\t\t\t\t\t\t\t<div class=\"elementor-row\">\n\t\t\t\t\t<div class=\"aux-parallax-section elementor-column elementor-col-100 elementor-top-column elementor-element elementor-element-aba92d5\" data-id=\"aba92d5\" data-element_type=\"column\">\n\t\t\t<div class=\"elementor-column-wrap elementor-element-populated\">\n\t\t\t\t\t\t\t<div class=\"elementor-widget-wrap\">\n\t\t\t\t\t\t<div class=\"elementor-element elementor-element-9835e81 elementor-widget elementor-widget-aux_divider\" data-id=\"9835e81\" data-element_type=\"widget\" data-widget_type=\"aux_divider.default\">\n\t\t\t\t<div class=\"elementor-widget-container\">\n\t\t\t<hr class=\"aux-divider-center aux-divider-align-center\" >\t\t<\/div>\n\t\t\t\t<\/div>\n\t\t\t\t\t\t<\/div>\n\t\t\t\t\t<\/div>\n\t\t<\/div>\n\t\t\t\t\t\t\t\t<\/div>\n\t\t\t\t\t<\/div>\n\t\t<\/section>\n\t\t\t\t<section class=\"elementor-section elementor-top-section elementor-element elementor-element-f5f2762 elementor-section-boxed elementor-section-height-default elementor-section-height-default\" data-id=\"f5f2762\" data-element_type=\"section\">\n\t\t\t\t\t\t<div class=\"elementor-container elementor-column-gap-default\">\n\t\t\t\t\t\t\t<div class=\"elementor-row\">\n\t\t\t\t\t<div class=\"aux-parallax-section elementor-column elementor-col-100 elementor-top-column elementor-element elementor-element-98fb87f\" data-id=\"98fb87f\" data-element_type=\"column\">\n\t\t\t<div class=\"elementor-column-wrap elementor-element-populated\">\n\t\t\t\t\t\t\t<div class=\"elementor-widget-wrap\">\n\t\t\t\t\t\t<div class=\"elementor-element elementor-element-2438a6f elementor-widget elementor-widget-aux_modern_heading\" data-id=\"2438a6f\" data-element_type=\"widget\" data-widget_type=\"aux_modern_heading.default\">\n\t\t\t\t<div class=\"elementor-widget-container\">\n\t\t\t<section class=\"aux-widget-modern-heading\">\n            <div class=\"aux-widget-inner\"><h2 class=\"aux-modern-heading-primary\">Je met vos projets en avant en valorisant votre image !\n<\/h2><h3 class=\"aux-modern-heading-secondary\"><span class=\"aux-head-before\">CR\u00c9ATION GRAPHIQUE, PRODUCTION, POSE, JE M'OCCUPE DE TOUT !<\/span><\/h3><div class=\"aux-modern-heading-description\"><div id=\"pg-111-1\" class=\"panel-grid panel-has-style\"><div class=\"panel-row-style panel-row-style-for-111-1\"><div id=\"pgc-111-1-0\" class=\"panel-grid-cell\"><section id=\"panel-111-1-0-2\" class=\"widget-container aux-widget-text aux-parent-au5cae5cda so-panel widget widget_aux_text panel-last-child\" data-index=\"5\"><section class=\"widget-container aux-widget-text aux-parent-au5cae5cda panel-widget-style panel-widget-style-for-111-1-0-2\"><div class=\"aux-widget-advanced-text aux-wrap-style-simple aux-ico-pos-top aux-text-center aux-text-resp-center aux-text-color-inherit aux-text-widget-bg-center \"><div class=\"aux-text-inner aux-text-widget-content\"><div class=\"widget-content\"><div class=\"col\"><p>Je suis graphiste dipl\u00f4m\u00e9 de l'\u00c9cole Sup\u00e9rieure d'Arts Moderne depuis 2004, et je me suis sp\u00e9cialis\u00e9 plus particuli\u00e8rement dans la communication visuelle Print, plus particuli\u00e8rement en signal\u00e9tique.<\/p><div class=\"dotclear\"><p>\u00a0<\/p><p>Je prend en charge la cr\u00e9ation de tous vos \u00e9l\u00e9ments de communication : logos, chartes graphiques, plaquettes commerciales, marquages v\u00e9hicules, enseignes, marquages vitrines, banderoles, ...<\/p><p>\u00a0<\/p><p>J'accompagne mes clients dans la cr\u00e9ation de leur image de marque, mais j'aime \u00e9galement faire \u00e9voluer votre charte graphique et votre visibilit\u00e9. J'ai \u00e0 c\u0153ur de proposer des solutions originales et pertinentes.<\/p><\/div><\/div><div class=\"col\"><div class=\"dotclear\"><p>\u00a0<\/p><p>Quelle que soit la nature du projet, je trouve des solutions gr\u00e2ce \u00e0 mon exp\u00e9rience ...<\/p><\/div><\/div><\/div><\/div><\/div><\/section><\/section><\/div><\/div><\/div><\/div><\/div>\n        <\/section>\t\t<\/div>\n\t\t\t\t<\/div>\n\t\t\t\t<div class=\"elementor-element elementor-element-360dc0d elementor-widget-divider--view-line elementor-widget elementor-widget-divider\" data-id=\"360dc0d\" data-element_type=\"widget\" data-widget_type=\"divider.default\">\n\t\t\t\t<div class=\"elementor-widget-container\">\n\t\t\t\t\t<div class=\"elementor-divider\">\n\t\t\t<span class=\"elementor-divider-separator\">\n\t\t\t\t\t\t<\/span>\n\t\t<\/div>\n\t\t\t\t<\/div>\n\t\t\t\t<\/div>\n\t\t\t\t\t\t<\/div>\n\t\t\t\t\t<\/div>\n\t\t<\/div>\n\t\t\t\t\t\t\t\t<\/div>\n\t\t\t\t\t<\/div>\n\t\t<\/section>\n\t\t\t\t<section class=\"elementor-section elementor-inner-section elementor-element elementor-element-afb20a9 elementor-section-content-middle elementor-section-boxed elementor-section-height-default elementor-section-height-default\" data-id=\"afb20a9\" data-element_type=\"section\">\n\t\t\t\t\t\t<div class=\"elementor-container elementor-column-gap-default\">\n\t\t\t\t\t\t\t<div class=\"elementor-row\">\n\t\t\t\t\t<div class=\"aux-parallax-section elementor-column elementor-col-25 elementor-inner-column elementor-element elementor-element-74340d7\" data-id=\"74340d7\" data-element_type=\"column\">\n\t\t\t<div class=\"elementor-column-wrap elementor-element-populated\">\n\t\t\t\t\t\t\t<div class=\"elementor-widget-wrap\">\n\t\t\t\t\t\t<div class=\"elementor-element elementor-element-91d98c9 elementor-widget elementor-widget-aux_image\" data-id=\"91d98c9\" data-element_type=\"widget\" data-widget_type=\"aux_image.default\">\n\t\t\t\t<div class=\"elementor-widget-container\">\n\t\t\t<section class=\"widget-container aux-widget-image aux-alignnone aux-parent-au14f24329\">\n    <div class=\"aux-media-hint-frame \">\n        <div class=\"aux-media-image aux-hover-active\" >\n                    <a class=\"\" href=\"https:\/\/www.signarama.fr\/\" data-elementor-open-lightbox=\"no\" data-original-width=\"700\" data-original-height=\"162\" data-caption=\"SIGNARAMA\" target=\"_self\"  >\n        \n            \n\n            \n            <img loading=\"lazy\" width=\"700\" height=\"162\" src=\"http:\/\/jconnan.com\/wp-content\/uploads\/2019\/08\/Logo_Sar-NB.png\" class=\"aux-attachment aux-featured-image aux-attachment-id-361\" alt=\"SIGNARAMA\" data-ratio=\"4.32\" data-original-w=\"700\" \/>            \n                    <\/a>\n                <\/div>\n    <\/div>\n\n<\/section><!-- widget-container -->\t\t<\/div>\n\t\t\t\t<\/div>\n\t\t\t\t\t\t<\/div>\n\t\t\t\t\t<\/div>\n\t\t<\/div>\n\t\t\t\t<div class=\"aux-parallax-section elementor-column elementor-col-25 elementor-inner-column elementor-element elementor-element-96ea04e\" data-id=\"96ea04e\" data-element_type=\"column\">\n\t\t\t<div class=\"elementor-column-wrap elementor-element-populated\">\n\t\t\t\t\t\t\t<div class=\"elementor-widget-wrap\">\n\t\t\t\t\t\t<div class=\"elementor-element elementor-element-c935299 elementor-widget elementor-widget-aux_image\" data-id=\"c935299\" data-element_type=\"widget\" data-widget_type=\"aux_image.default\">\n\t\t\t\t<div class=\"elementor-widget-container\">\n\t\t\t<section class=\"widget-container aux-widget-image aux-alignnone aux-parent-auc22a9df8\">\n    <div class=\"aux-media-hint-frame \">\n        <div class=\"aux-media-image aux-hover-active\" >\n                    <a class=\"\" href=\"http:\/\/www.fo-rothschild.fr\/\" data-elementor-open-lightbox=\"no\" data-original-width=\"700\" data-original-height=\"206\" data-caption=\"Fondation ROTHSCHILD\" target=\"_self\"  >\n        \n            \n\n            \n            <img loading=\"lazy\" width=\"700\" height=\"206\" src=\"http:\/\/jconnan.com\/wp-content\/uploads\/2019\/08\/ROTHSCHILD-logo-NB.png\" class=\"aux-attachment aux-featured-image aux-attachment-id-363\" alt=\"Fondation ROTHSCHILD\" data-ratio=\"3.4\" data-original-w=\"700\" \/>            \n                    <\/a>\n                <\/div>\n    <\/div>\n\n<\/section><!-- widget-container -->\t\t<\/div>\n\t\t\t\t<\/div>\n\t\t\t\t\t\t<\/div>\n\t\t\t\t\t<\/div>\n\t\t<\/div>\n\t\t\t\t<div class=\"aux-parallax-section elementor-column elementor-col-25 elementor-inner-column elementor-element elementor-element-acf59be\" data-id=\"acf59be\" data-element_type=\"column\">\n\t\t\t<div class=\"elementor-column-wrap elementor-element-populated\">\n\t\t\t\t\t\t\t<div class=\"elementor-widget-wrap\">\n\t\t\t\t\t\t<div class=\"elementor-element elementor-element-2e32a49 elementor-widget elementor-widget-aux_image\" data-id=\"2e32a49\" data-element_type=\"widget\" data-widget_type=\"aux_image.default\">\n\t\t\t\t<div class=\"elementor-widget-container\">\n\t\t\t<section class=\"widget-container aux-widget-image aux-alignnone aux-parent-au96a7143d\">\n    <div class=\"aux-media-hint-frame \">\n        <div class=\"aux-media-image aux-hover-active\" >\n                    <a class=\"\" href=\"https:\/\/curie.fr\/\" data-elementor-open-lightbox=\"no\" data-original-width=\"750\" data-original-height=\"413\" data-caption=\"Institut CURIE\" target=\"_self\"  >\n        \n            \n\n            \n            <img loading=\"lazy\" width=\"750\" height=\"413\" src=\"http:\/\/jconnan.com\/wp-content\/uploads\/2019\/08\/Curie-logo-NB.png\" class=\"aux-attachment aux-featured-image aux-attachment-id-364\" alt=\"Institut CURIE\" data-ratio=\"1.82\" data-original-w=\"750\" \/>            \n                    <\/a>\n                <\/div>\n    <\/div>\n\n<\/section><!-- widget-container -->\t\t<\/div>\n\t\t\t\t<\/div>\n\t\t\t\t\t\t<\/div>\n\t\t\t\t\t<\/div>\n\t\t<\/div>\n\t\t\t\t<div class=\"aux-parallax-section elementor-column elementor-col-25 elementor-inner-column elementor-element elementor-element-448ed18\" data-id=\"448ed18\" data-element_type=\"column\">\n\t\t\t<div class=\"elementor-column-wrap elementor-element-populated\">\n\t\t\t\t\t\t\t<div class=\"elementor-widget-wrap\">\n\t\t\t\t\t\t<div class=\"elementor-element elementor-element-0f3644c elementor-widget elementor-widget-aux_image\" data-id=\"0f3644c\" data-element_type=\"widget\" data-widget_type=\"aux_image.default\">\n\t\t\t\t<div class=\"elementor-widget-container\">\n\t\t\t<section class=\"widget-container aux-widget-image aux-alignnone aux-parent-auee91627b\">\n    <div class=\"aux-media-hint-frame \">\n        <div class=\"aux-media-image aux-hover-active\" >\n                    <a class=\"\" href=\"http:\/\/ecla.net\" data-elementor-open-lightbox=\"no\" data-original-width=\"700\" data-original-height=\"149\" data-caption=\"ECLA\" target=\"_self\"  >\n        \n            \n\n            \n            <img loading=\"lazy\" width=\"700\" height=\"149\" src=\"http:\/\/jconnan.com\/wp-content\/uploads\/2019\/08\/ecla-logo-NB.jpg\" class=\"aux-attachment aux-featured-image aux-attachment-id-366\" alt=\"ECLA\" data-ratio=\"4.7\" data-original-w=\"700\" \/>            \n                    <\/a>\n                <\/div>\n    <\/div>\n\n<\/section><!-- widget-container -->\t\t<\/div>\n\t\t\t\t<\/div>\n\t\t\t\t\t\t<\/div>\n\t\t\t\t\t<\/div>\n\t\t<\/div>\n\t\t\t\t\t\t\t\t<\/div>\n\t\t\t\t\t<\/div>\n\t\t<\/section>\n\t\t\t\t<section class=\"elementor-section elementor-inner-section elementor-element elementor-element-57ccdc2 elementor-section-content-middle elementor-section-boxed elementor-section-height-default elementor-section-height-default\" data-id=\"57ccdc2\" data-element_type=\"section\">\n\t\t\t\t\t\t<div class=\"elementor-container elementor-column-gap-default\">\n\t\t\t\t\t\t\t<div class=\"elementor-row\">\n\t\t\t\t\t<div class=\"aux-parallax-section elementor-column elementor-col-25 elementor-inner-column elementor-element elementor-element-7b5a74d\" data-id=\"7b5a74d\" data-element_type=\"column\">\n\t\t\t<div class=\"elementor-column-wrap elementor-element-populated\">\n\t\t\t\t\t\t\t<div class=\"elementor-widget-wrap\">\n\t\t\t\t\t\t<div class=\"elementor-element elementor-element-26e8ba1 elementor-widget elementor-widget-aux_image\" data-id=\"26e8ba1\" data-element_type=\"widget\" data-widget_type=\"aux_image.default\">\n\t\t\t\t<div class=\"elementor-widget-container\">\n\t\t\t<section class=\"widget-container aux-widget-image aux-alignnone aux-parent-au0dfa5145\">\n    <div class=\"aux-media-hint-frame \">\n        <div class=\"aux-media-image aux-hover-active\" >\n                    <a class=\"\" href=\"https:\/\/www.facebook.com\/pages\/category\/Beauty--Cosmetic---Personal-Care\/La-Madrina-institut-2920472231510619\/\" data-elementor-open-lightbox=\"no\" data-original-width=\"500\" data-original-height=\"413\" data-caption=\"La Madrina Institut\" target=\"_blank\"  >\n        \n            \n\n            \n            <img loading=\"lazy\" width=\"500\" height=\"413\" src=\"http:\/\/jconnan.com\/wp-content\/uploads\/2019\/08\/logo002.png\" class=\"aux-attachment aux-featured-image aux-attachment-id-353\" alt=\"La Madrina Institut\" data-ratio=\"1.21\" data-original-w=\"500\" \/>            \n                    <\/a>\n                <\/div>\n    <\/div>\n\n<\/section><!-- widget-container -->\t\t<\/div>\n\t\t\t\t<\/div>\n\t\t\t\t\t\t<\/div>\n\t\t\t\t\t<\/div>\n\t\t<\/div>\n\t\t\t\t<div class=\"aux-parallax-section elementor-column elementor-col-25 elementor-inner-column elementor-element elementor-element-0d022ea\" data-id=\"0d022ea\" data-element_type=\"column\">\n\t\t\t<div class=\"elementor-column-wrap elementor-element-populated\">\n\t\t\t\t\t\t\t<div class=\"elementor-widget-wrap\">\n\t\t\t\t\t\t<div class=\"elementor-element elementor-element-1293de7 elementor-widget elementor-widget-aux_image\" data-id=\"1293de7\" data-element_type=\"widget\" data-widget_type=\"aux_image.default\">\n\t\t\t\t<div class=\"elementor-widget-container\">\n\t\t\t<section class=\"widget-container aux-widget-image aux-alignnone aux-parent-auaaeb855e\">\n    <div class=\"aux-media-hint-frame \">\n        <div class=\"aux-media-image aux-hover-active\" >\n                    <a class=\"\" href=\"http:\/\/www.mtlstransports.com\/\" data-elementor-open-lightbox=\"no\" data-original-width=\"827\" data-original-height=\"125\" data-caption=\"MTLS\" target=\"_self\"  >\n        \n            \n\n            \n            <img loading=\"lazy\" width=\"827\" height=\"125\" src=\"http:\/\/jconnan.com\/wp-content\/uploads\/2019\/08\/MTLS-logo-NB.png\" class=\"aux-attachment aux-featured-image aux-attachment-id-356\" alt=\"MTLS\" data-ratio=\"6.62\" data-original-w=\"827\" \/>            \n                    <\/a>\n                <\/div>\n    <\/div>\n\n<\/section><!-- widget-container -->\t\t<\/div>\n\t\t\t\t<\/div>\n\t\t\t\t\t\t<\/div>\n\t\t\t\t\t<\/div>\n\t\t<\/div>\n\t\t\t\t<div class=\"aux-parallax-section elementor-column elementor-col-25 elementor-inner-column elementor-element elementor-element-4c2f92a\" data-id=\"4c2f92a\" data-element_type=\"column\">\n\t\t\t<div class=\"elementor-column-wrap elementor-element-populated\">\n\t\t\t\t\t\t\t<div class=\"elementor-widget-wrap\">\n\t\t\t\t\t\t<div class=\"elementor-element elementor-element-eaf5c56 elementor-widget elementor-widget-aux_image\" data-id=\"eaf5c56\" data-element_type=\"widget\" data-widget_type=\"aux_image.default\">\n\t\t\t\t<div class=\"elementor-widget-container\">\n\t\t\t<section class=\"widget-container aux-widget-image aux-alignnone aux-parent-au6739de70\">\n    <div class=\"aux-media-hint-frame \">\n        <div class=\"aux-media-image aux-hover-active\" >\n                    <a class=\"\" href=\"http:\/\/www.mpsautomoto.com\/\" data-elementor-open-lightbox=\"no\" data-original-width=\"682\" data-original-height=\"189\" data-caption=\"MPS AUTO-MOTO \u00c9COLE\" target=\"_self\"  >\n        \n            \n\n            \n            <img loading=\"lazy\" width=\"682\" height=\"189\" src=\"http:\/\/jconnan.com\/wp-content\/uploads\/2019\/08\/MPS-logo-NB.png\" class=\"aux-attachment aux-featured-image aux-attachment-id-357\" alt=\"MPS AUTO-MOTO \u00c9COLE\" data-ratio=\"3.61\" data-original-w=\"682\" \/>            \n                    <\/a>\n                <\/div>\n    <\/div>\n\n<\/section><!-- widget-container -->\t\t<\/div>\n\t\t\t\t<\/div>\n\t\t\t\t\t\t<\/div>\n\t\t\t\t\t<\/div>\n\t\t<\/div>\n\t\t\t\t<div class=\"aux-parallax-section elementor-column elementor-col-25 elementor-inner-column elementor-element elementor-element-1227d16\" data-id=\"1227d16\" data-element_type=\"column\">\n\t\t\t<div class=\"elementor-column-wrap elementor-element-populated\">\n\t\t\t\t\t\t\t<div class=\"elementor-widget-wrap\">\n\t\t\t\t\t\t<div class=\"elementor-element elementor-element-c245fa7 elementor-widget elementor-widget-aux_image\" data-id=\"c245fa7\" data-element_type=\"widget\" data-widget_type=\"aux_image.default\">\n\t\t\t\t<div class=\"elementor-widget-container\">\n\t\t\t<section class=\"widget-container aux-widget-image aux-alignnone aux-parent-au55099ba9\">\n    <div class=\"aux-media-hint-frame \">\n        <div class=\"aux-media-image aux-hover-active\" >\n                    <a class=\"\" href=\"https:\/\/www.lodeonscenejrc.com\/\" data-elementor-open-lightbox=\"no\" data-original-width=\"700\" data-original-height=\"270\" data-caption=\"SJRC-logo-NB\" target=\"_self\"  >\n        \n            \n\n            \n            <img loading=\"lazy\" width=\"700\" height=\"270\" src=\"http:\/\/jconnan.com\/wp-content\/uploads\/2019\/08\/SJRC-logo-NB.png\" class=\"aux-attachment aux-featured-image aux-attachment-id-358\" alt=\"SJRC-logo-NB\" data-ratio=\"2.59\" data-original-w=\"700\" \/>            \n                    <\/a>\n                <\/div>\n    <\/div>\n\n<\/section><!-- widget-container -->\t\t<\/div>\n\t\t\t\t<\/div>\n\t\t\t\t\t\t<\/div>\n\t\t\t\t\t<\/div>\n\t\t<\/div>\n\t\t\t\t\t\t\t\t<\/div>\n\t\t\t\t\t<\/div>\n\t\t<\/section>\n\t\t\t\t\t\t\t\t\t<\/div>\n\t\t\t<\/div>\n\t\t\t\t\t<\/div>\n\t\t      ","protected":false},"excerpt":{"rendered":"<p>Julien CONNAN Graphiste Je met vos projets en avant en valorisant votre image ! CR\u00c9ATION GRAPHIQUE, PRODUCTION, POSE, JE M&rsquo;OCCUPE DE TOUT ! Je suis graphiste dipl\u00f4m\u00e9 de l&rsquo;\u00c9cole Sup\u00e9rieure d&rsquo;Arts Moderne depuis 2004, et je me suis sp\u00e9cialis\u00e9 plus particuli\u00e8rement dans la communication visuelle Print, plus particuli\u00e8rement en signal\u00e9tique. \u00a0 Je prend en charge [&hellip;]<\/p>\n","protected":false},"author":1,"featured_media":0,"parent":0,"menu_order":0,"comment_status":"closed","ping_status":"closed","template":"","meta":[],"_links":{"self":[{"href":"http:\/\/jconnan.com\/index.php\/wp-json\/wp\/v2\/pages\/157"}],"collection":[{"href":"http:\/\/jconnan.com\/index.php\/wp-json\/wp\/v2\/pages"}],"about":[{"href":"http:\/\/jconnan.com\/index.php\/wp-json\/wp\/v2\/types\/page"}],"author":[{"embeddable":true,"href":"http:\/\/jconnan.com\/index.php\/wp-json\/wp\/v2\/users\/1"}],"replies":[{"embeddable":true,"href":"http:\/\/jconnan.com\/index.php\/wp-json\/wp\/v2\/comments?post=157"}],"version-history":[{"count":11,"href":"http:\/\/jconnan.com\/index.php\/wp-json\/wp\/v2\/pages\/157\/revisions"}],"predecessor-version":[{"id":549,"href":"http:\/\/jconnan.com\/index.php\/wp-json\/wp\/v2\/pages\/157\/revisions\/549"}],"wp:attachment":[{"href":"http:\/\/jconnan.com\/index.php\/wp-json\/wp\/v2\/media?parent=157"}],"curies":[{"name":"wp","href":"https:\/\/api.w.org\/{rel}","templated":true}]}}